er when 25203 is divided by 548?
543
What is the remainder when 225 is divided by 36?
9
What is the remainder when 138 is divided by 121?
17
Calculate the remainder when 8134 is divided by 370.
364
What is the remainder when 2014 is divided by 56?
54
What is the remainder when 7215 is divided by 164?
163
What is the remainder when 1801 is divided by 227?
212
What is the remainder when 64 is divided by 57?
7
Calculate the remainder when 254 is divided by 7.
2
Calculate the remainder when 64 is divided by 24.
16
What is the remainder when 1593 is divided by 38?
35
Calculate the remainder when 1419 is divided by 71.
70
What is the remainder when 74 is divided by 2?
0
Calculate the remainder when 331 is divided by 33.
1
What is the remainder when 262 is divided by 124?
14
Calculate the remainder when 1349 is divided by 23.
15
What is the remainder when 399 is divided by 182?
35
Calculate the remainder when 35 is divided by 18.
17
What is the remainder when 354 is divided by 17?
14
What is the remainder when 30 is divided by 16?
14
What is the remainder when 587 is divided by 12?
11
Calculate the remainder when 2528 is divided by 101.
3
Calculate the remainder when 946 is divided by 54.
28
What is the remainder when 848 is divided by 297?
254
What is the remainder when 2637 is divided by 66?
63
What is the remainder when 279 is divided by 255?
24
Calculate the remainder when 219 is divided by 15.
9
What is the remainder when 1650 is divided by 72?
66
Calculate the remainder when 564 is divided by 38.
32
Calculate the remainder when 1494 is divided by 75.
69
Calculate the remainder when 347 is divided by 74.
51
Calculate the remainder when 412 is divided by 36.
16
What is the remainder when 201 is divided by 70?
61
What is the remainder when 366 is divided by 23?
21
What is the remainder when 154 is divided by 45?
19
Calculate the remainder when 44 is divided by 22.
0
What is the remainder when 373 is divided by 25?
23
Calculate the remainder when 53 is divided by 16.
5
What is the remainder when 3100 is divided by 107?
104
What is the remainder when 3706 is divided by 103?
101
Calculate the remainder when 315 is divided by 21.
0
Calculate the remainder when 46 is divided by 46.
0
Calculate the remainder when 8158 is divided by 199.
198
What is the remainder when 48 is divided by 5?
3
What is the remainder when 57224 is divided by 25?
24
What is the remainder when 251 is divided by 51?
47
Calculate the remainder when 1681 is divided by 58.
57
Calculate the remainder when 135 is divided by 57.
21
What is the remainder when 484 is divided by 81?
79
What is the remainder when 790 is divided by 87?
7
Calculate the remainder when 292 is divided by 128.
36
Calculate the remainder when 273 is divided by 141.
132
Calculate the remainder when 437 is divided by 40.
37
Calculate the remainder when 112 is divided by 101.
11
What is the remainder when 381 is divided by 32?
29
Calculate the remainder when 465 is divided by 224.
17
Calculate the remainder when 500 is divided by 28.
24
Calculate the remainder when 777 is divided by 32.
9
What is the remainder when 18 is divided by 12?
6
Calculate the remainder when 481 is divided by 90.
31
Calculate the remainder when 1192 is divided by 19.
14
Calculate the remainder when 838 is divided by 14.
12
Calculate the remainder when 3498 is divided by 17.
13
Calculate the remainder when 752 is divided by 30.
2
Calculate the remainder when 998 is divided by 102.
80
Calculate the remainder when 1656 is divided by 408.
24
Calculate the remainder when 2055 is divided by 29.
25
What is the remainder when 179 is divided by 3?
2
Calculate the remainder when 8621 is divided by 16.
13
Calculate the remainder when 142 is divided by 29.
26
Calculate the remainder when 3867 is divided by 7.
3
Calculate the remainder when 699 is divided by 349.
1
What is the remainder when 216 is divided by 38?
26
What is the remainder when 368 is divided by 64?
48
Calculate the remainder when 123 is divided by 7.
4
Calculate the remainder when 71 is divided by 12.
11
What is the remainder when 1842 is divided by 185?
177
Calculate the remainder when 152 is divided by 114.
38
What is the remainder when 5536 is divided by 213?
211
What is the remainder when 4706 is divided by 107?
105
What is the remainder when 131 is divided by 43?
2
Calculate the remainder when 191 is divided by 57.
20
What is the remainder when 2568 is divided by 83?
78
What is the remainder when 76 is divided by 17?
8
What is the remainder when 113 is divided by 23?
21
Calculate the remainder when 879 is divided by 39.
21
Calculate the remainder when 1448 is divided by 718.
12
Calculate the remainder when 105 is divided by 40.
25
What is the remainder when 5 is divided by 4?
1
What is the remainder when 194 is divided by 50?
44
Calculate the remainder when 113 is divided by 112.
1
What is the remainder when 63 is divided by 56?
7
What is the remainder when 60 is divided by 46?
14
What is the remainder when 525 is divided by 14?
7
What is the remainder when 576 is divided by 58?
54
Calculate the remainder when 284 is divided by 22.
20
Calculate the remainder when 471 is divided by 28.
23
Calculate the remainder when 58 is divided by 54.
4
What is the remainder when 216 is divided by 111?
105
Calculate the remainder when 45187 is divided by 44.
43
Calculate the remainder when 329 is divided by 66.
65
What is the remainder when 250 is divided by 11?
8
Calculate the remainder when 180 is divided by 37.
32
What is the remainder when 268 is divided by 68?
64
Calculate the remainder when 4307 is divided by 31.
29
Calculate the remainder when 5414 is divided by 6.
2
Calculate the remainder when 30 is divided by 7.
2
Calculate the remainder when 19 is divided by 4.
3
Calculate the remainder when 6836 is divided by 19.
15
Calculate the remainder when 17 is divided by 3.
2
What is the remainder when 1085 is divided by 284?
233
What is the remainder when 253 is divided by 64?
61
What is the remainder when 236 is divided by 14?
12
What is the remainder when 1448 is divided by 46?
22
What is the remainder when 891 is divided by 127?
2
What is the remainder when 223 is divided by 94?
35
What is the remainder when 431 is divided by 16?
15
Calculate the remainder when 3109 is divided by 56.
29
What is the remainder when 108 is divided by 19?
13
What is the remainder when 889 is divided by 238?
175
What is the remainder when 352 is divided by 92?
76
What is the remainder when 1432 is divided by 17?
4
Calculate the remainder when 160 is divided by 27.
25
What is the remainder when 23 is divided by 14?
9
Calculate the remainder when 134 is divided by 15.
14
What is the remainder when 298 is divided by 75?
73
What is the remainder when 191 is divided by 82?
27
Calculate the remainder when 478 is divided by 12.
10
Calculate the remainder when 6201 is divided by 64.
57
What is the remainder when 1069 is divided by 531?
7
What is the remainder when 2210 is divided by 28?
26
Calculate the remainder when 17972 is divided by 321.
317
What is the remainder when 513 is divided by 87?
78
Calculate the remainder when 227 is divided by 39.
32
Calculate the remainder when 1228 is divided by 409.
1
What is the remainder when 100 is divided by 40?
20
Calculate the remainder when 259 is divided by 224.
35
What is the remainder when 754 is divided by 70?
54
What is the remainder when 5701 is divided by 18?
13
What is the remainder when 1110 is divided by 53?
50
Calculate the remainder when 177 is divided by 72.
33
Calculate the remainder when 1226 is divided by 275.
126
Calculate the remainder when 41 is divided by 11.
8
Calculate the remainder when 262 is divided by 12.
10
Calculate the remainder when 294 is divided by 58.
4
What is the remainder when 104 is divided by 9?
5
Calculate the remainder when 1295 is divided by 259.
0
What is the remainder when 96 is divided by 11?
8
What is the remainder when 28 is divided by 16?
12
Calculate the remainder when 346 is divided by 44.
38
What is the remainder when 95 is divided by 33?
29
Calculate the remainder when 520 is divided by 249.
22
What is the remainder when 37 is divided by 35?
2
Calculate the remainder when 376 is divided by 63.
61
What is the remainder when 